{"id":828,"date":"2020-01-17T11:51:53","date_gmt":"2020-01-17T09:51:53","guid":{"rendered":"https:\/\/www.ogv-thalheim.de\/?page_id=828"},"modified":"2020-05-14T12:58:52","modified_gmt":"2020-05-14T10:58:52","slug":"jahresprogramm-2020","status":"publish","type":"page","link":"https:\/\/www.ogv-thalheim.de\/?page_id=828","title":{"rendered":"Jahresprogramm 2020"},"content":{"rendered":"\n<p class=\"has-background has-light-gray-background-color\"><strong>Mittwoch , 05. Feb.2020   19 Uhr <\/strong> <br>Jahreshauptversammlung<\/p>\n\n\n\n<p class=\"has-background has-light-gray-background-color\"><strong>Mittwoch 01. April 2020  19 Uhr<\/strong><br><strong>Vortrag<\/strong><br><strong>&#8222;Schnittma\u00dfnahmen im Garten&#8220;<\/strong><br>Wann ist der beste Schnittzeitpunkt f\u00fcr Stauden, Str\u00e4ucher, Obst und Hortensien<br>Referentin ist die Kreisvorsitzende Brigitte Murla<\/p>\n\n\n\n<p class=\"has-background has-light-gray-background-color\">  <strong>April <\/strong><br>  Fr\u00fchjahrsputz am Marienweg<\/p>\n\n\n\n<p class=\"has-background has-light-gray-background-color\"><strong>Ausflug<\/strong>                                                                  !! <strong>entf\u00e4llt wegen Corona<\/strong> !!<br><strong>Samstag 11.07. 2020 <\/strong><br><strong>Hortensienschau in der G\u00e4rtnerei Alt in Pocking<\/strong>.<br> Genaueres wird rechtszeitig im Amtsblatt bekannt gegeben.<\/p>\n\n\n\n<p class=\"has-background has-light-gray-background-color\"><strong>Freitag 14. Aug. 2020  18 Uhr<\/strong><br>Kr\u00e4uterbuschen binden im Dorfstadl<\/p>\n\n\n\n<p class=\"has-background has-light-gray-background-color\"><strong>Samstag 15. Aug. 2020  10 Uhr<\/strong><br>Feierlicher Gottesdienst  <br>Abgabe der Kr\u00e4uterbuschen gegen eine freiwillige Spende<\/p>\n\n\n\n<p class=\"has-background has-light-gray-background-color\"><strong>Ab September 2020<\/strong><br>jeden Freitag Obstpressen<\/p>\n\n\n\n<p class=\"has-background has-light-gray-background-color\"><strong>Mittwoch 07.10.2020  19 Uhr <\/strong><br>Vortrag<\/p>\n\n\n\n<p class=\"has-background has-light-gray-background-color\"><strong>Mittwoch 02.12.2020   19 Uhr<\/strong><br>Weihnachtsfeier im L Italiano<\/p>\n\n\n\n<p class=\"has-text-color has-background has-black-color has-medium-gray-background-color\">Gartler-Stammtisch jeden 1. Mittwoch im Monat im&nbsp; L`Italiano in Maria Thalheim<\/p>\n","protected":false},"excerpt":{"rendered":"<p>Mittwoch , 05. Feb.2020 19 Uhr Jahreshauptversammlung Mittwoch 01. April 2020 19 UhrVortrag&#8222;Schnittma\u00dfnahmen im Garten&#8220;Wann ist der beste Schnittzeitpunkt f\u00fcr Stauden, Str\u00e4ucher, Obst und HortensienReferentin ist die Kreisvorsitzende Brigitte Murla April Fr\u00fchjahrsputz am Marienweg Ausflug !! entf\u00e4llt wegen Corona !!Samstag &hellip; <a href=\"https:\/\/www.ogv-thalheim.de\/?page_id=828\">Weiterlesen <span class=\"meta-nav\">&rarr;<\/span><\/a><\/p>\n","protected":false},"author":1,"featured_media":0,"parent":0,"menu_order":0,"comment_status":"closed","ping_status":"closed","template":"","meta":{"ngg_post_thumbnail":0,"footnotes":""},"class_list":["post-828","page","type-page","status-publish","hentry"],"_links":{"self":[{"href":"https:\/\/www.ogv-thalheim.de\/index.php?rest_route=\/wp\/v2\/pages\/828","targetHints":{"allow":["GET"]}}],"collection":[{"href":"https:\/\/www.ogv-thalheim.de\/index.php?rest_route=\/wp\/v2\/pages"}],"about":[{"href":"https:\/\/www.ogv-thalheim.de\/index.php?rest_route=\/wp\/v2\/types\/page"}],"author":[{"embeddable":true,"href":"https:\/\/www.ogv-thalheim.de\/index.php?rest_route=\/wp\/v2\/users\/1"}],"replies":[{"embeddable":true,"href":"https:\/\/www.ogv-thalheim.de\/index.php?rest_route=%2Fwp%2Fv2%2Fcomments&post=828"}],"version-history":[{"count":7,"href":"https:\/\/www.ogv-thalheim.de\/index.php?rest_route=\/wp\/v2\/pages\/828\/revisions"}],"predecessor-version":[{"id":867,"href":"https:\/\/www.ogv-thalheim.de\/index.php?rest_route=\/wp\/v2\/pages\/828\/revisions\/867"}],"wp:attachment":[{"href":"https:\/\/www.ogv-thalheim.de\/index.php?rest_route=%2Fwp%2Fv2%2Fmedia&parent=828"}],"curies":[{"name":"wp","href":"https:\/\/api.w.org\/{rel}","templated":true}]}}

<p class="has-background has-light-gray-background-color"><strong>Mittwoch , 05. Feb.2020   19 Uhr </strong> <br>Jahreshauptversammlung</p>



<p class="has-background has-light-gray-background-color"><strong>Mittwoch 01. April 2020  19 Uhr</strong><br><strong>Vortrag</strong><br><strong>&#8222;Schnittmaßnahmen im Garten&#8220;</strong><br>Wann ist der beste Schnittzeitpunkt für Stauden, Sträucher, Obst und Hortensien<br>Referentin ist die Kreisvorsitzende Brigitte Murla</p>



<p class="has-background has-light-gray-background-color">  <strong>April </strong><br>  Frühjahrsputz am Marienweg</p>



<p class="has-background has-light-gray-background-color"><strong>Ausflug</strong>                                                                  !! <strong>entfällt wegen Corona</strong> !!<br><strong>Samstag 11.07. 2020 </strong><br><strong>Hortensienschau in der Gärtnerei Alt in Pocking</strong>.<br> Genaueres wird rechtszeitig im Amtsblatt bekannt gegeben.</p>



<p class="has-background has-light-gray-background-color"><strong>Freitag 14. Aug. 2020  18 Uhr</strong><br>Kräuterbuschen binden im Dorfstadl</p>



<p class="has-background has-light-gray-background-color"><strong>Samstag 15. Aug. 2020  10 Uhr</strong><br>Feierlicher Gottesdienst  <br>Abgabe der Kräuterbuschen gegen eine freiwillige Spende</p>



<p class="has-background has-light-gray-background-color"><strong>Ab September 2020</strong><br>jeden Freitag Obstpressen</p>



<p class="has-background has-light-gray-background-color"><strong>Mittwoch 07.10.2020  19 Uhr </strong><br>Vortrag</p>



<p class="has-background has-light-gray-background-color"><strong>Mittwoch 02.12.2020   19 Uhr</strong><br>Weihnachtsfeier im L Italiano</p>



<p class="has-text-color has-background has-black-color has-medium-gray-background-color">Gartler-Stammtisch jeden 1. Mittwoch im Monat im&nbsp; L`Italiano in Maria Thalheim</p>

<p>Mittwoch , 05. Feb.2020 19 Uhr Jahreshauptversammlung Mittwoch 01. April 2020 19 UhrVortrag&#8222;Schnittmaßnahmen im Garten&#8220;Wann ist der beste Schnittzeitpunkt für Stauden, Sträucher, Obst und HortensienReferentin ist die Kreisvorsitzende Brigitte Murla April Frühjahrsputz am Marienweg Ausflug !! entfällt wegen Corona !!Samstag &hellip; <a href="https://www.ogv-thalheim.de/?page_id=828">Weiterlesen <span class="meta-nav">&rarr;</span></a></p>
