{"id":469,"date":"2017-02-12T19:59:39","date_gmt":"2017-02-12T17:59:39","guid":{"rendered":"http:\/\/www.ogv-thalheim.de\/?page_id=469"},"modified":"2019-02-28T21:01:30","modified_gmt":"2019-02-28T19:01:30","slug":"jahresprogramm-2017","status":"publish","type":"page","link":"https:\/\/www.ogv-thalheim.de\/?page_id=469","title":{"rendered":"Jahresprogramm 2019"},"content":{"rendered":"<p><em><span style=\"color: #ff0000;\">Mittwoch , 06.02.2019 19.00 Uhr:<br \/>\n<\/span><\/em><span style=\"color: #ff0000;\"><span style=\"color: #000000;\">Jahreshauptversammlung <\/span><\/span><em><span style=\"color: #ff0000;\"><br \/>\n<\/span><\/em><\/p>\n<p><span style=\"color: #ff0000;\">Samstag,\u00a0 02.03.2019 \u00a0 9.00 Uhr<br \/>\n<span style=\"color: #000000;\">Obstbaumschneidekurs mit Lorenz Voithenleitner<\/span><br \/>\n<\/span><\/p>\n<p><em><span style=\"color: #ff0000;\">Mittwoch, 03.04.2019\u00a0 19.00 Uhr:<br \/>\n<span style=\"color: #000000;\">Vortrag\u00a0 &#8220; Der Insekten-(Bienen) freundliche Garten<br \/>\nRatschl\u00e4ge f\u00fcr mehr Vielfalt vor unserer Haust\u00fcr<br \/>\nReferent: Kreisfachberater Michael Klinger<\/span><\/span><\/em><\/p>\n<p><span style=\"color: #ff0000;\">Samstag\u00a0 29.06.02019<br \/>\n<span style=\"color: #000000;\">Ausflug ins Altm\u00fchltal zu B\u00e4rbel\u015b Garten<br \/>\nSchifffahrt von Kelheim nach Kloster Weltenburg<\/span><br \/>\n<span style=\"color: #000000;\">n\u00e4heres zeitnah im Mitteilungsblatt<\/span><\/span><\/p>\n<p style=\"text-align: left;\"><em><span style=\"color: #ff0000;\">Mittwoch,\u00a0 14.08.2019 \u00a0 \u00a0 18.00 Uhr:<br \/>\n<span style=\"color: #000000;\">Kr\u00e4uterbuschenbinden am Dorfstadl<br \/>\n<\/span><\/span><\/em><\/p>\n<p style=\"text-align: left;\"><em><span style=\"color: #ff0000;\">Donnerstag\u00a0 , 15.08.2019\u00a0\u00a0 10.00 Uhr:<br \/>\n<span style=\"color: #000000;\">Abgabe der Kr\u00e4uterbuschn gegen Spende vor der Kirche<\/span><\/span><\/em><\/p>\n<p style=\"text-align: left;\"><em><span style=\"color: #ff0000;\">Ab September Obstpressen!!!<\/span><\/em><\/p>\n<p><span style=\"color: #ff0000;\">Mittwoch 02.10.2019\u00a0 19.00 Uhr<br \/>\n<span style=\"color: #000000;\">Vortrag von Thomas Janschek<br \/>\n&#8222;Was die Alten noch wissen und die Jungen wieder interessiert.&#8220;<\/span><br \/>\n<\/span><\/p>\n<p style=\"text-align: left;\"><span style=\"color: #ff0000;\">Mittwoch,\u00a0 04.12.2019 \u00a0 19.00 Uhr<br \/>\n<span style=\"color: #000000;\">Weihnachtsfeier in der Pizzeria\u00a0 L&#8217;Italiano in Maria Thalheim<\/span><br \/>\n<\/span><\/p>\n<p><span style=\"color: #0000ff;\">Gartler-Stammtisch jeden 1. Mittwoch im Monat im\u00a0 L`Italiano in Maria Thalheim<\/span><\/p>\n","protected":false},"excerpt":{"rendered":"<p>Mittwoch , 06.02.2019 19.00 Uhr: Jahreshauptversammlung Samstag,\u00a0 02.03.2019 \u00a0 9.00 Uhr Obstbaumschneidekurs mit Lorenz Voithenleitner Mittwoch, 03.04.2019\u00a0 19.00 Uhr: Vortrag\u00a0 &#8220; Der Insekten-(Bienen) freundliche Garten Ratschl\u00e4ge f\u00fcr mehr Vielfalt vor unserer Haust\u00fcr Referent: Kreisfachberater Michael Klinger Samstag\u00a0 29.06.02019 Ausflug ins &hellip; <a href=\"https:\/\/www.ogv-thalheim.de\/?page_id=469\">Weiterlesen <span class=\"meta-nav\">&rarr;<\/span><\/a><\/p>\n","protected":false},"author":2,"featured_media":0,"parent":0,"menu_order":0,"comment_status":"closed","ping_status":"closed","template":"","meta":{"ngg_post_thumbnail":0,"footnotes":""},"class_list":["post-469","page","type-page","status-publish","hentry"],"_links":{"self":[{"href":"https:\/\/www.ogv-thalheim.de\/index.php?rest_route=\/wp\/v2\/pages\/469","targetHints":{"allow":["GET"]}}],"collection":[{"href":"https:\/\/www.ogv-thalheim.de\/index.php?rest_route=\/wp\/v2\/pages"}],"about":[{"href":"https:\/\/www.ogv-thalheim.de\/index.php?rest_route=\/wp\/v2\/types\/page"}],"author":[{"embeddable":true,"href":"https:\/\/www.ogv-thalheim.de\/index.php?rest_route=\/wp\/v2\/users\/2"}],"replies":[{"embeddable":true,"href":"https:\/\/www.ogv-thalheim.de\/index.php?rest_route=%2Fwp%2Fv2%2Fcomments&post=469"}],"version-history":[{"count":12,"href":"https:\/\/www.ogv-thalheim.de\/index.php?rest_route=\/wp\/v2\/pages\/469\/revisions"}],"predecessor-version":[{"id":482,"href":"https:\/\/www.ogv-thalheim.de\/index.php?rest_route=\/wp\/v2\/pages\/469\/revisions\/482"}],"wp:attachment":[{"href":"https:\/\/www.ogv-thalheim.de\/index.php?rest_route=%2Fwp%2Fv2%2Fmedia&parent=469"}],"curies":[{"name":"wp","href":"https:\/\/api.w.org\/{rel}","templated":true}]}}

<p><em><span style="color: #ff0000;">Mittwoch , 06.02.2019 19.00 Uhr:<br />
</span></em><span style="color: #ff0000;"><span style="color: #000000;">Jahreshauptversammlung </span></span><em><span style="color: #ff0000;"><br />
</span></em></p>
<p><span style="color: #ff0000;">Samstag,  02.03.2019   9.00 Uhr<br />
<span style="color: #000000;">Obstbaumschneidekurs mit Lorenz Voithenleitner</span><br />
</span></p>
<p><em><span style="color: #ff0000;">Mittwoch, 03.04.2019  19.00 Uhr:<br />
<span style="color: #000000;">Vortrag  &#8220; Der Insekten-(Bienen) freundliche Garten<br />
Ratschläge für mehr Vielfalt vor unserer Haustür<br />
Referent: Kreisfachberater Michael Klinger</span></span></em></p>
<p><span style="color: #ff0000;">Samstag  29.06.02019<br />
<span style="color: #000000;">Ausflug ins Altmühltal zu Bärbelś Garten<br />
Schifffahrt von Kelheim nach Kloster Weltenburg</span><br />
<span style="color: #000000;">näheres zeitnah im Mitteilungsblatt</span></span></p>
<p style="text-align: left;"><em><span style="color: #ff0000;">Mittwoch,  14.08.2019     18.00 Uhr:<br />
<span style="color: #000000;">Kräuterbuschenbinden am Dorfstadl<br />
</span></span></em></p>
<p style="text-align: left;"><em><span style="color: #ff0000;">Donnerstag  , 15.08.2019   10.00 Uhr:<br />
<span style="color: #000000;">Abgabe der Kräuterbuschn gegen Spende vor der Kirche</span></span></em></p>
<p style="text-align: left;"><em><span style="color: #ff0000;">Ab September Obstpressen!!!</span></em></p>
<p><span style="color: #ff0000;">Mittwoch 02.10.2019  19.00 Uhr<br />
<span style="color: #000000;">Vortrag von Thomas Janschek<br />
&#8222;Was die Alten noch wissen und die Jungen wieder interessiert.&#8220;</span><br />
</span></p>
<p style="text-align: left;"><span style="color: #ff0000;">Mittwoch,  04.12.2019   19.00 Uhr<br />
<span style="color: #000000;">Weihnachtsfeier in der Pizzeria  L&#8217;Italiano in Maria Thalheim</span><br />
</span></p>
<p><span style="color: #0000ff;">Gartler-Stammtisch jeden 1. Mittwoch im Monat im  L`Italiano in Maria Thalheim</span></p>

<p>Mittwoch , 06.02.2019 19.00 Uhr: Jahreshauptversammlung Samstag,  02.03.2019   9.00 Uhr Obstbaumschneidekurs mit Lorenz Voithenleitner Mittwoch, 03.04.2019  19.00 Uhr: Vortrag  &#8220; Der Insekten-(Bienen) freundliche Garten Ratschläge für mehr Vielfalt vor unserer Haustür Referent: Kreisfachberater Michael Klinger Samstag  29.06.02019 Ausflug ins &hellip; <a href="https://www.ogv-thalheim.de/?page_id=469">Weiterlesen <span class="meta-nav">&rarr;</span></a></p>
