{"id":1215,"date":"2025-01-20T20:41:32","date_gmt":"2025-01-20T18:41:32","guid":{"rendered":"https:\/\/www.ogv-thalheim.de\/?page_id=1215"},"modified":"2025-01-27T21:29:37","modified_gmt":"2025-01-27T19:29:37","slug":"jahresprogramm-2025","status":"publish","type":"page","link":"https:\/\/www.ogv-thalheim.de\/?page_id=1215","title":{"rendered":"Jahresprogramm 2025"},"content":{"rendered":"\n<p><strong>Mittwoch 05.02. 2025 19.00 Uhr  <\/strong> Jahreshauptversammlung <br> in der Pizzeria L&#8217;Italiano in Maria Thalheim<\/p>\n\n\n\n<p><strong>Samstag 15.03.2025 14.00 Uhr  <\/strong>40-j\u00e4hriges Wiedergr\u00fcndungsfest OGV Thalheim<br> Gedenkandacht und anschlie\u00dfende Feier beim Wirt in Bierbach<\/p>\n\n\n\n<p><strong>Samstag  26.04.2025 ab 9.00Uhr   <\/strong> Pflanzentauschaktion am Dorfstadl in M.Thalheim   <br> Tauschen und Teilen von Ablegern, Pfl\u00e4nzchen und Setzlingen<\/p>\n\n\n\n<p><strong>Samstag<\/strong>   Ausflug<br> Wird rechtzeitig im Gemeindeblatt bekannt gegeben<\/p>\n\n\n\n<p><strong>Donnerstag 14.08.2025 16.00Uhr  <\/strong> Kr\u00e4uterbuschen binden<br> im Dorfstadl Maria Thalheim<\/p>\n\n\n\n<p><strong>Donnerstag 15.08.2024 10.00Uhr  <\/strong>Kr\u00e4uterbuschen<br> Abgabe vor der Kirche gegen Spende<\/p>\n\n\n\n<p><strong>Ab September  <\/strong> Obstpressen<\/p>\n\n\n\n<p><strong>Mittwoch 01.10.2025 19.00Uhr  <\/strong>Vortrag Abwehrkraft f\u00fcr den Winter<br> Referentin: Claudia Bauer<\/p>\n\n\n\n<p><strong>Samstag 29.11.2025 16.00Uhr <\/strong> Einstimmung in den Advent<br> am Dorfplatz<\/p>\n\n\n\n<p><strong>Mittwoch 03.12.2025 19.00Uhr  <\/strong> Weihnachtsfeier<\/p>\n\n\n\n<p><strong>STAMMTISCH jeden 1. Mittwoch im Monat in der Pizzeria L&#8217;Italiano in Maria Thalheim<\/strong><\/p>\n\n\n\n<p><\/p>\n","protected":false},"excerpt":{"rendered":"<p>Mittwoch 05.02. 2025 19.00 Uhr Jahreshauptversammlung in der Pizzeria L&#8217;Italiano in Maria Thalheim Samstag 15.03.2025 14.00 Uhr 40-j\u00e4hriges Wiedergr\u00fcndungsfest OGV Thalheim Gedenkandacht und anschlie\u00dfende Feier beim Wirt in Bierbach Samstag 26.04.2025 ab 9.00Uhr Pflanzentauschaktion am Dorfstadl in M.Thalheim Tauschen und &hellip; <a href=\"https:\/\/www.ogv-thalheim.de\/?page_id=1215\">Weiterlesen <span class=\"meta-nav\">&rarr;<\/span><\/a><\/p>\n","protected":false},"author":1,"featured_media":0,"parent":0,"menu_order":0,"comment_status":"closed","ping_status":"closed","template":"","meta":{"ngg_post_thumbnail":0,"footnotes":""},"class_list":["post-1215","page","type-page","status-publish","hentry"],"_links":{"self":[{"href":"https:\/\/www.ogv-thalheim.de\/index.php?rest_route=\/wp\/v2\/pages\/1215","targetHints":{"allow":["GET"]}}],"collection":[{"href":"https:\/\/www.ogv-thalheim.de\/index.php?rest_route=\/wp\/v2\/pages"}],"about":[{"href":"https:\/\/www.ogv-thalheim.de\/index.php?rest_route=\/wp\/v2\/types\/page"}],"author":[{"embeddable":true,"href":"https:\/\/www.ogv-thalheim.de\/index.php?rest_route=\/wp\/v2\/users\/1"}],"replies":[{"embeddable":true,"href":"https:\/\/www.ogv-thalheim.de\/index.php?rest_route=%2Fwp%2Fv2%2Fcomments&post=1215"}],"version-history":[{"count":3,"href":"https:\/\/www.ogv-thalheim.de\/index.php?rest_route=\/wp\/v2\/pages\/1215\/revisions"}],"predecessor-version":[{"id":1221,"href":"https:\/\/www.ogv-thalheim.de\/index.php?rest_route=\/wp\/v2\/pages\/1215\/revisions\/1221"}],"wp:attachment":[{"href":"https:\/\/www.ogv-thalheim.de\/index.php?rest_route=%2Fwp%2Fv2%2Fmedia&parent=1215"}],"curies":[{"name":"wp","href":"https:\/\/api.w.org\/{rel}","templated":true}]}}